divisor of 273188 and 30644.
652
Calculate the highest common divisor of 15 and 360891705.
15
What is the greatest common factor of 59566 and 26156?
26
Calculate the highest common divisor of 9558 and 12406638.
354
Calculate the greatest common factor of 483 and 3023787.
69
What is the greatest common factor of 1663168 and 3224?
104
What is the highest common factor of 212002 and 476?
14
What is the highest common factor of 4491340 and 1960?
980
Calculate the highest common divisor of 63 and 79.
1
What is the greatest common divisor of 56782 and 22179432?
638
What is the greatest common factor of 29969 and 225883?
23
What is the greatest common divisor of 414584446 and 76?
38
What is the highest common factor of 258012 and 94020?
12
What is the highest common divisor of 30683202 and 22?
22
Calculate the greatest common factor of 2499 and 2983659.
147
Calculate the greatest common divisor of 23274818 and 35.
7
What is the greatest common divisor of 378 and 1829493?
27
What is the greatest common divisor of 35656 and 1576?
8
What is the greatest common divisor of 3027856 and 6?
2
What is the highest common factor of 99736 and 2576833?
959
Calculate the greatest common divisor of 1190484 and 1296.
108
Calculate the greatest common factor of 312497972 and 8.
4
Calculate the highest common divisor of 28621206 and 2151.
2151
What is the highest common factor of 1011230208 and 2048?
512
What is the greatest common divisor of 782527 and 7599?
17
Calculate the highest common divisor of 36408 and 564472.
296
Calculate the greatest common factor of 14194980 and 13580.
1940
Calculate the greatest common divisor of 1617 and 343167.
33
What is the greatest common divisor of 39964 and 864788?
412
Calculate the greatest common factor of 99876 and 157201257.
3567
Calculate the greatest common factor of 1530210 and 15.
15
What is the greatest common divisor of 27527554 and 455880?
7598
Calculate the greatest common factor of 25766061 and 7386.
3693
Calculate the greatest common divisor of 186559 and 6304.
197
What is the highest common divisor of 30104472 and 3720?
744
Calculate the greatest common factor of 15666547 and 2262.
13
What is the greatest common divisor of 1776 and 7244526?
222
What is the highest common divisor of 581 and 727265?
7
What is the greatest common divisor of 113262985 and 165?
55
What is the highest common divisor of 537 and 49029?
3
Calculate the greatest common factor of 182125 and 21555375.
5875
What is the highest common factor of 442582 and 1259874?
1414
Calculate the greatest common divisor of 68303928 and 133584.
6072
What is the greatest common divisor of 7115733 and 567?
9
What is the greatest common factor of 136 and 33583432?
136
Calculate the highest common divisor of 65769938 and 26.
26
Calculate the greatest common divisor of 330 and 17427470.
10
Calculate the greatest common divisor of 276159435 and 120.
15
What is the greatest common factor of 341827930 and 58?
58
Calculate the greatest common divisor of 860 and 4045268.
172
Calculate the highest common factor of 31494000 and 3360.
240
Calculate the highest common factor of 85728 and 185664.
96
Calculate the highest common divisor of 16759731 and 44547.
1437
Calculate the greatest common factor of 31 and 98898277.
31
What is the greatest common factor of 24343 and 40964?
11
Calculate the greatest common divisor of 3318 and 3579786.
42
What is the highest common divisor of 75 and 42409775?
25
What is the highest common divisor of 220937 and 3968?
31
What is the greatest common factor of 61423 and 460801?
257
What is the highest common divisor of 425637 and 36?
9
What is the highest common divisor of 50051880 and 30?
30
What is the greatest common divisor of 31990464 and 8704?
1088
Calculate the highest common factor of 11628 and 512704683.
2907
What is the highest common factor of 13035750 and 42?
42
What is the highest common divisor of 1269926 and 14?
14
What is the highest common factor of 114072 and 218442?
294
Calculate the highest common divisor of 1430 and 4657796.
286
What is the highest common divisor of 55991 and 683397?
767
What is the greatest common divisor of 18216 and 1230408?
1656
Calculate the greatest common factor of 3424 and 171955848.
856
Calculate the highest common factor of 117 and 68390985.
39
What is the greatest common divisor of 2352 and 515578?
98
Calculate the highest common divisor of 646845 and 18255.
15
Calculate the highest common divisor of 679528 and 176548.
404
What is the greatest common factor of 6982839 and 9?
9
What is the greatest common factor of 533912 and 512?
8
Calculate the highest common divisor of 1411400 and 46780.
20
What is the greatest common factor of 18 and 983997?
9
Calculate the greatest common divisor of 14 and 706841051.
7
What is the greatest common factor of 3761 and 166743935?
3761
What is the highest common factor of 384993 and 1861139?
679
What is the highest common factor of 498699 and 1?
1
What is the highest common factor of 226 and 365329113?
113
What is the greatest common factor of 168644718 and 121?
121
Calculate the highest common factor of 384 and 2274672.
48
What is the highest common factor of 12186 and 1827?
9
What is the greatest common divisor of 1980 and 5029376?
44
What is the highest common factor of 33042 and 544?
2
What is the greatest common divisor of 1610 and 3543680?
70
What is the greatest common factor of 13331026 and 2146?
74
What is the highest common divisor of 2664 and 42382908?
1332
What is the highest common factor of 23130 and 102286?
514
What is the highest common factor of 4509 and 45040?
1
Calculate the highest common divisor of 228093 and 75.
3
Calculate the greatest common divisor of 949394 and 92.
46
Calculate the greatest common divisor of 3174 and 3736419.
69
What is the highest common divisor of 1422 and 2685684?
474
What is the greatest common divisor of 2332959 and 1?
1
What is the greatest common divisor of 1529353 and 203?
7
Calculate the greatest common divisor of 7320 and 356026500.
3660
Calculate the highest common divisor of 1258 and 198050.
34
What is the greatest common factor of 68 and 644894762?
34
What is the greatest common factor of 1603535 and 435?
5
What is the greatest common factor of 352 and 4228202?
22
What is the highest common factor of 1725 and 335475?
75
Calculate the highest common divisor of 1066022784 and 96.
96
Calculate the greatest common divisor of 475 and 76163951.
19
Calculate the highest common divisor of 68 and 15111334.
34
What is the greatest common divisor of 1968 and 23674056?
984
Calculate the greatest common factor of 382 and 1907387502.
382
What is the highest common divisor of 108425445 and 1395?
465
What is the highest common divisor of 696 and 67735092?
12
What is the highest common divisor of 2087532 and 136?
68
Calculate the greatest common factor of 244678 and 350.
14
Calculate the greatest common factor of 22 and 162231817.
11
What is the greatest common divisor of 72324 and 1442052?
1476
What is the greatest common divisor of 22489235 and 137?
137
What is the highest common divisor of 6664 and 29842568?
392
Calculate the greatest common factor of 17084448 and 96.
96
What is the highest common divisor of 104181 and 79233?
231
Calculate the greatest common factor of 3933026 and 2.
2
Calculate the highest common divisor of 384 and 2504976.
48
What is the greatest common factor of 10140 and 169428?
12
Calculate the highest common factor of 26 and 262239.
1
What is the highest common divisor of 22404 and 21?
3
Calculate the greatest common divisor of 1183500 and 45000.
4500
Calculate the greatest common divisor of 15421602 and 63.
21
Calculate the highest common divisor of 39442630 and 292.
146
What is the highest common divisor of 996 and 12733196?
332
What is the greatest common divisor of 72880 and 369760?
80
What is the greatest common factor of 50922 and 22724414?
1886
What is the greatest common divisor of 423 and 45604053?
423
Calculate the highest common divisor of 2274 and 262014070.
758
Calculate the greatest common divisor of 96694630 and 8367.
2789
Calculate the greatest common factor of 19467350 and 2450.
350
Calculate the highest common factor of 1558 and 16781218.
1558
What is the highest common factor o